 be (-63)/105 - 77/5. What are the prime factors of ((-324)/o)/((-12)/(-608))?
2, 3, 19
Let s = -294 + 28. What are the prime factors of s/18 + 15 + 313/9?
5, 7
Let w(t) = 13*t - 8 - 2 - 37*t. Let l be w(4). Let d = 188 + l. What are the prime factors of d?
2, 41
Let d(i) = 318*i**2 + 44*i + 60. List the prime factors of d(10).
2, 5, 17, 19
Let m(n) = 6*n**2 - 6*n - 10. Let o be m(-11). Let f = o - 312. List the prime factors of f.
2, 5, 47
Let n = -19 - -21. Let l be -15 - (n + -3 + -1). Let q(r) = 2*r**2 + 13*r + 26. List the prime factors of q(l).
3, 5, 13
Let z be 3/(-5) - 13/(-455)*-49. What are the prime factors of z - (996/16)/(5/(-120))?
2, 373
Let h(t) = 4*t**3 - 8*t**2 + 7*t - 2. Suppose -32 = -2*k + 4*i, 0*k + i = 5*k - 35. Let u be h(k). Suppose -4*z + u = 4*z. List the prime factors of z.
7, 11
Let u(y) = -18*y + 69. Let p be (-2)/(-6) - (-2706)/(-99). Let f be u(p). Suppose -6*b = -2235 + f. List the prime factors of b.
2, 5, 7
Let g = -615 - -1044. Suppose -2*b - g = -3*b. Suppose 0 = -a + 4, -b - 709 = -5*d - 2*a. What are the prime factors of d?
2, 113
Let n(r) = r**3 - 4*r**2 - 3*r + 4. Let j be n(5). Let d(h) = 43*h + 512. Let s be d(-12). Let y = j - s. List the prime factors of y.
2, 3
Let t = 214 - 226. What are the prime factors of ((-376)/(-12))/(0 + (-1)/t)?
2, 47
Let f be (2/4*27)/((-28)/(-6440)). Suppose f = 11*o - 426. List the prime factors of o.
3, 107
Let u(b) = -73*b - 33. Let x be (2/6)/(5 - 296/60). Let o(r) = 36*r + 16. Let p(m) = x*o(m) + 3*u(m). List the prime factors of p(-6).
5, 43
Let s(h) be the third derivative of -5*h**4/24 + 3*h**3/2 + 2*h**2. Let w be 1/(1541/1058 + 6/(-4)). List the prime factors of s(w).
2, 31
Suppose -24*q + 5*t + 116355 = -19*q, t = -5*q + 116331. List the prime factors of q.
53, 439
Suppose 0 = -13*u + 183 + 272. Suppose -u*n - 770 = -40*n. List the prime factors of n.
2, 7, 11
Suppose 8*w - 18231 = 123655 - 36774. List the prime factors of w.
7, 1877
Let f = 49 + -16. Let c be 28/(-6)*(-1 - (-4079)/(-7)). What are the prime factors of (-3 - f/(-9)) + c/18?
2, 19
Suppose 11 = 3*t + 2. Let l(q) = q**3 - 5*q**2 + 3*q + 3. Let g be l(t). List the prime factors of ((-4)/g)/(((-4)/1)/(-276)).
2, 23
Let h = -217 + -346. Let g = h - -1186. What are the prime factors of g?
7, 89
Suppose 2*r - 8 = 8. Suppose 6*v - r*v - 228 = 0. Let j = -35 - v. List the prime factors of j.
79
Let v(k) = 6*k + 7. Suppose z + 2*l = 5, -z + 4 = 5*l - 1. Let c(h) = -7*h - 6. Let s(p) = z*c(p) + 6*v(p). What are the prime factors of s(-7)?
5
Suppose 0*j - 19*j + 15769 = -13434. What are the prime factors of j?
29, 53
List the prime factors of (-3 + (-8 - 186/(-18)))*157662/(-4).
3, 19, 461
Let m be 10/(-25) - ((-24)/(-10))/(-1). Suppose 2*f + 3*o - 671 = 0, -o + 546 + 135 = m*f. What are the prime factors of f?
7
Let p(v) = 6*v**3 - v**2 + v + 1. Let k be (-32)/6*15/(-10) - 2. Let t(a) = a**2 - 6*a + 3. Let z be t(k). List the prime factors of p(z).
157
Let l be 7/(-14) - ((-1999)/2 + -1). Let a = 1932 - l. What are the prime factors of a?
2, 233
Let v = 223 + -274. Let m = 21 - v. List the prime factors of m.
2, 3
Let g(b) = b**3 + 5*b**2 + 4*b + 5. Let u be g(-4). Suppose -u*y = 2*l - 506, -3*y + 2*y + 4*l + 88 = 0. List the prime factors of y.
2, 5
Suppose -3*n = 4*w - 278, -4*w + 3*n = 2*n - 270. Let k = w - -6. What are the prime factors of k?
2, 37
Let i(c) = 4*c**2 - 26*c - 43. Let h be ((-6 - -7) + 0)*-11. What are the prime factors of i(h)?
727
What are the prime factors of (-156)/104*(-2 + (-2256)/9)?
379
Suppose -n = -0*n - 11. Let b(l) = -55*l**2 - 27*l - 26. Let z be b(-1). Let y = n - z. What are the prime factors of y?
5, 13
Let c be (-24 - (1 - 6)) + 2. What are the prime factors of (-202)/14*c - (-18)/(-63)?
5, 7
Let x be ((-3)/(-15) - 3/(-10))*-6. Let m be (1/4)/(14068/4688 + x). Suppose -4*i + q + m = 0, -3*q = -6 - 3. List the prime factors of i.
2, 37
Suppose -3*v + 117 = -258. Suppose 23 = 5*c + 4*f, -2*c + 0*f - 3*f = -5. Suppose -274 = -c*i + v. What are the prime factors of i?
3, 19
Let h = 300 - 97. Let d = 82 + h. What are the prime factors of d?
3, 5, 19
Let r(l) = l**2 + 864*l - 875*l + 2*l**2 - 125. List the prime factors of r(18).
11, 59
Suppose -k = 3*v - 28149 + 3861, 2*v = -5*k + 121479. Suppose 0 = 16*z + 23*z - k. What are the prime factors of z?
7, 89
Let b = 15564 + 25516. List the prime factors of b.
2, 5, 13, 79
Suppose -629575 = -19848*o + 19823*o. What are the prime factors of o?
25183
Let a(s) = 1973*s + 422. List the prime factors of a(4).
2, 4157
Suppose -232415 = -19*u - 24*u. What are the prime factors of u?
5, 23, 47
Suppose -x = -4*w + 2*w - 465, 5*w - 25 = 0. Let q = x - 211. List the prime factors of q.
2, 3, 11
Suppose -5*l = 4*r + 3913, 3*r + 2927 = 2*l + 2*l. Let x = 2644 + r. List the prime factors of x.
1667
Suppose 0 = q - 5*z - 1313, 16*q - 6715 = 11*q - 5*z. Suppose -q = 16*w - 4634. What are the prime factors of w?
2, 103
Suppose 634*b - 633*b = -1. Let q = 6 + -22. What are the prime factors of 36/(q/(-4)) - b?
2, 5
Let n(f) = 171*f + 20. Let b be n(6). Let x = -541 + b. List the prime factors of x.
5, 101
Let l = 376 - 394. What are the prime factors of (-3948)/9*l/12?
2, 7, 47
Let o be (18/15)/(4/50). Let t be (-4)/((o/(-3))/(-5)). List the prime factors of (3 - t/(8/(-62)))/(-1).
2, 7
Suppose -203*x = -236*x + 185559. List the prime factors of x.
5623
Suppose 4*g - 2*v - 1860 = 0, 2*g - 6*v = -9*v + 938. Suppose -p = -g + 158. What are the prime factors of p?
2, 7, 11
Let j be (-76)/(-133) + (-3816)/14. Let v = j + 346. What are the prime factors of v?
2, 37
Let n(x) = 70995*x**3 + 9*x**2 - 14*x + 4. What are the prime factors of n(1)?
2, 7, 11, 461
Let a be (42550/92)/((-1)/2). List the prime factors of (-3)/18*-6 - a.
2, 463
Let v = 88 + -56. Let q = v - 64. Let j = -19 - q. List the prime factors of j.
13
Let s(w) = w**3 + 23*w + 6. Let j(l) = -l**3 - 2*l**2 - 3*l + 8. Let m be j(0). List the prime factors of s(m).
2, 3, 13
Suppose 4*n - 50 = -6*n. Suppose 4*j + 15 - 47 = 0. Suppose 4*l + n*c - 196 = 0, -3*l - 4*c - 286 = -j*l. What are the prime factors of l?
2, 3
Let x = 2934 + -2855. What are the prime factors of x?
79
Suppose -3*z - 3*o + 3 = 9, -2*z + 10 = -5*o. Suppose 9*d + 1 - 37 = z. Suppose 0*n - 430 = -5*x - 4*n, 5*n = d*x - 385. What are the prime factors of x?
2, 3, 5
Let y = -110 + 320. Suppose -g + 68 = -2*f, -5*g + 2*g + 4*f = -y. What are the prime factors of g?
2, 37
Let u = -20974 + 38693. List the prime factors of u.
13, 29, 47
Let t = 14426 + -2370. List the prime factors of t.
2, 11, 137
Let t = 1892 - 297. List the prime factors of t.
5, 11, 29
Suppose -8*i - 304 = -12*i. What are the prime factors of i/3*(27/2)/1?
2, 3, 19
Let u(d) = 1108*d + 19. Let v be u(-1). Let k = -128 - v. List the prime factors of k.
31
Suppose 2*i = 5*i - j - 7, -2*i + 3*j + 7 = 0. Suppose -5*h + 5*y + 397 = 8*y, 2*h - i*y - 146 = 0. What are the prime factors of h?
7, 11
Suppose -6*f = -2*f - 4*r - 8164, -3*r + 4102 = 2*f. List the prime factors of (f/(-20) - 3)/((-1)/4).
421
Suppose -3120 - 1173 = -p - 5*t, 4*p = 3*t + 17126. What are the prime factors of p?
4283
Let k be ((-17)/5 - -3)/((-2)/10). Suppose 89 = -k*i - 2*i - 5*p, -5*p = 5. List the prime factors of (-2217)/i - 2*(-10)/(-35).
3, 5, 7
Suppose 8 - 2 = 2*l - 2*g, -3*l = -2*g - 8. Suppose 4*h = -2*q + 1418, -5*h - 2*q - l*q + 1765 = 0. Let p = h + -239. What are the prime factors of p?
2, 59
List the prime factors of ((-21064)/28)/((-1 - 8/(-7))/(-2)).
2, 2633
Let d = 8490 + -4078. List the prime factors of d.
2, 1103
Suppose 86*r + 350*r - 6583843 = 5051689. List the prime factors of r.
26687
Let m(b) = 106*b**2 + 78*b - 1023. List the prime factors of m(11).
11, 1151
Suppose 0 = -n - 3*s - 40 + 14, 0 = 2*n - 5*s + 8. List the prime factors of 15 - n*10/(-35).
11
Suppose -40188 = -2*n + 2*d, 151*n - 156*n - 3*d = -100454. What are the prime factors of n?
2, 5023
Let h(x) = x**3 - 6*x**2 - x + 19. Let o be h(6). Let g be (-116)/24 + ((-65)/30)/o. Let m(u) = 6*u**2 - 11*u - 26. List the prime factors of m(g).
179
Let k(d) = 2*d + 4. Let m be k(0). Suppose f + 4*f - 16 = -t, -3*f + m*t = -5. Suppose 2*u - 4*q - 224 = 0, -q + 0 + f = 0. List the prime factors of u.
2, 59
Let p(v